 Calculate the remainder when r is divided by o.
2
Let h(a) = -a**2 + 12*a - 30. Calculate the remainder when 5 is divided by h(7).
0
Suppose -3*a + 0*a = -5*x + 20, -3*a = 15. Suppose -o + 6 - x = 0. What is the remainder when 43 is divided by o/((-2)/(-6)*1)?
13
Let q(w) = 5*w + 6. Let x(o) = -4*o - 7. Let k(p) = 3*q(p) + 2*x(p). Calculate the remainder when k(10) is divided by 25.
24
Let x = 252 + -133. Let z be (1 + -2)*x + 0. Let j = 175 + z. Calculate the remainder when j is divided by 19.
18
Let c = 9 - 4. Let u(y) = y**3 - 15*y**2 + 26*y + 14. Calculate the remainder when u(13) is divided by c.
4
Suppose -5*r + 18 = -62. Let z = 219 - 156. Calculate the remainder when z is divided by r.
15
Suppose -4*r + r = -30. Let f = -19 + 38. What is the remainder when f is divided by r?
9
Suppose 3*l = 2*d - 88, -l = -d + 39 + 4. Let m = -16 + 30. Calculate the remainder when d is divided by m.
13
Let t(i) = i - 1. Let z be t(1). Let y(g) = g + 4. What is the remainder when 1/(2/82 + z) is divided by y(10)?
13
Let r be (-6)/(-4)*(3 - 1). Let n = 27 - r. What is the remainder when 50 is divided by 402/n + (-1)/(-4)?
16
Let c = 26 - 15. What is the remainder when 19 is divided by c?
8
Let i = -19 - -20. Calculate the remainder when i is divided by 1.
0
Let l(g) = -g**2 - 8*g - 7. Let f be l(-5). Let d = 1 + f. What is the remainder when d is divided by 5?
4
Suppose 0*m + 3*m - 105 = 0. Let d = 69 - 45. Suppose 0 = -b + d - 6. What is the remainder when m is divided by b?
17
Suppose 2*p = 4 + 4. Suppose 5*f - 2*l = 65, -14 = -f + l - p. Calculate the remainder when 29 is divided by f.
14
Suppose -4*c + 6*c - 22 = 0. Suppose -5*s + 4*s + c = 0. What is the remainder when 53 is divided by s?
9
Let y(r) = 5*r - 15. Let p be 7/21 + (-32)/(-3). What is the remainder when y(p) is divided by 21?
19
Let d = 2 + 0. Let c(j) = -3*j + 1. What is the remainder when c(-1) is divided by d?
0
Calculate the remainder when (24/5)/((-8)/(-20)) is divided by 7.
5
Let v be 2/7 - 60/14. Let q(t) = -3*t**2 - 26*t - 9. Let l(j) = -j**2 - 9*j - 3. Let f(n) = 17*l(n) - 6*q(n). What is the remainder when 12 is divided by f(v)?
5
Let q(k) = 7*k**3 + k**2 - 1. What is the remainder when q(2) is divided by 20?
19
Let k(y) = y**3 + 2*y**2 - 3*y + 2. What is the remainder when 7 is divided by k(-3)?
1
Let u(v) = -v**3 - 10*v**2 - 13*v - 4. Let a be u(-9). What is the remainder when 1*a + (-3 - -3) is divided by 17?
15
Calculate the remainder when 77 is divided by 4/3 - ((-7)/(-21) - 7).
5
Let l = -29 - -45. Calculate the remainder when 77 is divided by l.
13
Let z = 60 - 38. Suppose -3*p - 15 = -3*c + 2*c, -p + 25 = 3*c. Calculate the remainder when z is divided by (c + -1)/(1/1).
6
Let k be 8/(-6)*(-27)/(-3). Let m = 17 + k. What is the remainder when 8 is divided by m?
3
Let h = 30 + -13. Suppose 18*r = 7*r + 110. Calculate the remainder when h is divided by r.
7
Suppose 5*o + 2*y - 174 = 0, o + 0*o + 2*y - 30 = 0. Calculate the remainder when o is divided by 1/(-5) - 3168/(-240).
10
Let y = -33 + 56. Let o(u) = -2*u**2 + 2. Let j(q) = -1. Let h(m) = -8*j(m) - 4*o(m). What is the remainder when y is divided by h(1)?
7
Let x(g) = g**2 - 5*g - 3. Let m be x(6). Suppose -m*z + 28 = -0*z - 5*u, u = -2. Calculate the remainder when 16 is divided by z + -1*(3 - 6).
7
Suppose -2*g - 116 = -6*g. Suppose -5*k - 5*p = -9 - 1, 3*p = -2*k + 2. Let o(d) = 3*d + 3. Calculate the remainder when g is divided by o(k).
14
Let m = 4 - -1. Let i be 9*-1*(-2)/(-6). What is the remainder when m is divided by ((-2)/i)/((-4)/(-12))?
1
Let a be 2/(-4)*(-1 + 1). Suppose 0 = 3*g + 2*y - 20, a = g - 3*y - 3 - 0. What is the remainder when 16 is divided by g?
4
Let d(f) = -f**3 - 4*f**2 + 3. Let m be d(-4). Let b be (-1*3)/(-3)*m. Suppose 52 = b*c + c. What is the remainder when c is divided by 5?
3
Let d = 12 - -105. What is the remainder when d is divided by 30?
27
Suppose -5*f = 4*z - 2*f - 2, z = 2*f - 5. Suppose -2*o + 6*x = 3*x - 39, 0 = 5*o + 4*x - 155. Calculate the remainder when o is divided by 0 + 13 + (0 - z).
13
What is the remainder when 155 is divided by ((-156)/(-16))/(28/(-16) - -2)?
38
Suppose -13*p = -20*p + 63. Calculate the remainder when 39 is divided by p.
3
Suppose 11*k - 6*k = 25. Let a = 4 + k. Let j = 63 + -38. Calculate the remainder when j is divided by a.
7
Let k be -14 - (4/2 + -6). Let z be 4/6 + 104/6. Let n = k + z. Calculate the remainder when 15 is divided by n.
7
Let a(h) = 18*h - 2. Let q be a(-6). Let z = -7 - q. Let d = z + -73. What is the remainder when d is divided by 16?
14
Suppose 5*u = -0*u + 245. What is the remainder when u is divided by 13?
10
Let y(r) = -2*r + 20. What is the remainder when y(-9) is divided by 10?
8
Suppose 16*u = -6*u + 924. Calculate the remainder when u is divided by 11.
9
Let l be 365/15 + (-2)/6. Suppose -a = -2 - l. Let v = -1 + 10. What is the remainder when a is divided by v?
8
Let a be (-49)/(-1) - (-8 + 7). Suppose a = 3*s - s. Calculate the remainder when 98 is divided by s.
23
Calculate the remainder when -2*((-106)/4)/1 is divided by (-1)/(6 + 330/(-54)).
8
Let k(m) = -m**2 + 11*m - 6. Let v be k(10). Suppose -5*l + 5*i + 195 = 0, 5*l = 3*i + 177 + 24. What is the remainder when l is divided by 6/v*30/3?
12
Let l(i) = 5*i + 1. Let v be (1 + -4 + -3)/(-2). Suppose 5*r = x + 43, -7*x = -3*r - v*x + 36. What is the remainder when l(4) is divided by r?
5
What is the remainder when 1/(-3)*(-81 + 0) is divided by 14?
13
Let l(q) = 6*q + 3. Let a be l(3). Suppose 5*s + a = 156. Calculate the remainder when s is divided by 7.
6
Suppose 7*f = 3*f + 44. Calculate the remainder when f is divided by 6.
5
Let g = -139 + 151. Calculate the remainder when 18 is divided by g.
6
Let j(y) = -16*y**3 + y**2 + y + 1. Suppose -4*o = -6 - 14. Calculate the remainder when j(-1) is divided by o.
2
Let o = 15 + -3. What is the remainder when 33 is divided by o?
9
Suppose -11 = -4*a + b, -3*a - 5*b = -29 - 8. Suppose a*s = -37 - 23. Calculate the remainder when 20 is divided by (s + 2 + 2)*-1.
9
Suppose 0 = 5*x - 10 - 30. Let o = x - -7. Calculate the remainder when 44 is divided by o.
14
Let u(a) = -2*a**2 - 7*a + 19. Let j(z) = -z**2 - 3*z + 9. Let g(t) = 7*j(t) - 3*u(t). Calculate the remainder when 10 is divided by g(0).
4
Suppose -3*x - 17 = -137. Calculate the remainder when 199 is divided by x.
39
Suppose -3*c + 4*c - 36 = 0. Suppose 0 = 2*d + 4*a - c, 5*d - 55 + 4 = 3*a. Calculate the remainder when d is divided by 5.
2
Let g(c) = c**3 - 6*c**2 - 7*c + 4. What is the remainder when 16 is divided by g(7)?
0
Suppose 0 = 3*v - 4*r + 20, -2*v + 4*r - 8*r = -20. Suppose v = 2*t - 5*u - 29, 6 = -3*t + 4*u + 32. What is the remainder when 2 is divided by t?
0
Let c(x) = x**3 + 3*x**2 - 2*x. Suppose g = 4*u + 140, -20 = -4*g - g. Let m = u + 48. Calculate the remainder when m is divided by c(-2).
6
Let v = 2 + 1. Let q be 1/3 + 4/(-12). Suppose 0 = -d - q*d + v*l + 19, 3*d - l = 65. Calculate the remainder when d is divided by 8.
6
Suppose -f + 33 = -0*f. Suppose -5*o = -2*x + 19, o + 4*o + f = 4*x. What is the remainder when 13 is divided by x?
6
Suppose -2*v + 8 + 10 = 0. Suppose 64 = 4*x - 2*y, -47 = -5*x + 3*y + 33. What is the remainder when x is divided by v?
7
Suppose -20 = 3*m + 1. Let f = -4 - m. What is the remainder when f is divided by 2?
1
Let y = -90 + 159. Suppose -57 = -2*j + 3*z, 5*j + 3*z + 4 - 115 = 0. What is the remainder when y is divided by j?
21
Let r = 11 + -5. Let z be -16*3/((-9)/r). Suppose l - 6*l + z = 2*k, 0 = -3*k - 5*l + 43. Calculate the remainder when 19 is divided by k.
8
What is the remainder when ((-4)/(-10) + (-8203)/195)*-6 is divided by 18?
16
Suppose -2*z = 2*x, 9*x = -z + 5*x - 6. Let g(p) = -2*p - 1. Let c be g(-3). Suppose d + z = c. What is the remainder when 3 is divided by d?
0
Suppose 72 = -2*w - 3*b, -2*w - 4*b - 173 = 3*w. Let d = -15 - w. Let j = 17 - 7. What is the remainder when d is divided by j?
8
Calculate the remainder when 5 is divided by 35/(9 - 4) - 4.
2
Let l = -20 - -22. Calculate the remainder when l is divided by 1.
0
Let w = -10 + 12. Suppose u + w = 7. Suppose -u*d = 5*g - 28 - 12, 4*g - d - 17 = 0. Calculate the remainder when 13 is divided by g.
3
Let r = 7 - 4. Suppose 2*o = -0*o